 the greatest common divisor of 120708 and 13587?
21
Calculate the highest common factor of 30226320 and 720.
720
What is the highest common factor of 67 and 2191771?
67
What is the greatest common factor of 100 and 111240100?
100
What is the highest common divisor of 44 and 20973205?
11
Calculate the highest common divisor of 253 and 83757605.
23
Calculate the highest common divisor of 1093038276 and 66.
66
What is the highest common factor of 3639320 and 11840?
1480
What is the greatest common divisor of 16181740 and 40?
20
Calculate the greatest common factor of 13355727 and 627.
627
Calculate the greatest common divisor of 88418932 and 20482.
1862
What is the greatest common factor of 1039203696 and 2532?
2532
Calculate the highest common divisor of 14931 and 36759569.
553
What is the greatest common factor of 8513152 and 192?
64
What is the greatest common divisor of 7852796 and 664?
332
Calculate the greatest common divisor of 8416434 and 78.
78
Calculate the greatest common divisor of 57 and 121852833.
57
Calculate the greatest common divisor of 34722636 and 24.
12
What is the greatest common divisor of 179826 and 821763?
2091
Calculate the highest common factor of 12852 and 47088.
108
What is the highest common divisor of 98992 and 41216?
368
What is the highest common factor of 99 and 80213793?
33
What is the highest common divisor of 7732248 and 3965487?
9033
What is the highest common divisor of 476745061 and 39?
13
Calculate the greatest common factor of 286209 and 2858373.
3717
What is the greatest common factor of 79962450 and 1900?
950
What is the greatest common divisor of 250 and 111586?
2
What is the highest common factor of 3697 and 1006?
1
Calculate the greatest common divisor of 1592 and 26717342.
398
Calculate the highest common divisor of 39760427 and 168868.
1141
Calculate the greatest common divisor of 132604160 and 14712.
4904
Calculate the greatest common divisor of 13440 and 403674880.
4480
Calculate the greatest common factor of 4787684019 and 3501.
3501
Calculate the highest common factor of 199251 and 137904.
507
Calculate the greatest common divisor of 120950 and 450.
50
Calculate the highest common divisor of 23224 and 604921334.
5806
What is the highest common factor of 124 and 104100542?
62
Calculate the highest common factor of 43512 and 179144.
392
Calculate the greatest common factor of 425 and 293369.
17
What is the highest common divisor of 49605 and 547110?
15
Calculate the highest common divisor of 190050 and 44856.
42
What is the greatest common factor of 326 and 705316322?
326
What is the greatest common factor of 186 and 311094858?
186
Calculate the highest common divisor of 1159 and 4823453.
61
What is the greatest common divisor of 20437750 and 11890?
290
Calculate the highest common factor of 19878 and 1198.
2
Calculate the greatest common divisor of 25979877 and 44.
11
What is the greatest common divisor of 16995667 and 299?
13
What is the highest common factor of 8614237 and 1403?
61
What is the greatest common divisor of 138 and 91694238?
138
Calculate the greatest common divisor of 92 and 264000647.
23
What is the greatest common factor of 23430 and 8037200?
710
What is the greatest common divisor of 34881 and 12243?
231
What is the greatest common divisor of 7013304 and 5480?
1096
What is the greatest common factor of 157696 and 1668352?
1792
Calculate the highest common divisor of 2402 and 1367939.
1201
What is the greatest common divisor of 4416 and 760928?
32
Calculate the greatest common factor of 3043409 and 1684.
421
What is the greatest common factor of 14 and 694667393?
7
Calculate the greatest common factor of 281050570 and 30.
10
What is the greatest common factor of 444 and 766982028?
444
What is the greatest common factor of 1802264 and 97412?
284
What is the highest common factor of 176 and 5160784?
16
Calculate the greatest common factor of 486 and 27214542.
486
What is the highest common factor of 70 and 11303642?
14
What is the greatest common factor of 396409 and 1521?
13
Calculate the greatest common divisor of 489200 and 1475.
25
What is the greatest common divisor of 49 and 68015969?
49
Calculate the highest common factor of 357612 and 1734.
102
Calculate the highest common factor of 5733 and 93461277.
1911
What is the highest common divisor of 7048 and 163406118?
1762
What is the greatest common divisor of 1522304 and 2912?
224
What is the highest common factor of 177258 and 14880?
186
What is the greatest common factor of 390552271 and 68?
17
What is the greatest common divisor of 3490026 and 86280?
4314
What is the greatest common factor of 29271387 and 1311?
69
Calculate the highest common factor of 6 and 5876053.
1
Calculate the greatest common factor of 2512 and 1950254.
314
Calculate the highest common divisor of 1410220 and 168.
28
What is the highest common factor of 118 and 860910890?
118
Calculate the highest common divisor of 18 and 1567110.
6
What is the greatest common divisor of 84771 and 9513?
9
What is the highest common divisor of 1779008 and 3192?
1064
What is the highest common divisor of 966656 and 5248?
128
What is the highest common divisor of 1790 and 35755966?
358
What is the highest common divisor of 18476 and 5514639?
149
Calculate the greatest common divisor of 135355 and 69663.
11
Calculate the greatest common divisor of 47208471 and 271.
271
What is the greatest common factor of 39363470 and 20?
10
What is the highest common divisor of 144950880 and 40?
40
Calculate the greatest common factor of 759425 and 35150.
925
Calculate the greatest common factor of 999 and 25646328.
999
What is the greatest common factor of 5684 and 4996873?
49
What is the greatest common divisor of 9433099 and 13?
13
What is the highest common factor of 3132820 and 1000?
20
Calculate the highest common factor of 64697026 and 86.
86
Calculate the greatest common divisor of 758183651 and 4281.
1427
Calculate the highest common factor of 12 and 1022511972.
12
Calculate the greatest common divisor of 590482 and 36613.
779
Calculate the greatest common factor of 108 and 543783348.
108
What is the greatest common factor of 3445 and 868829?
689
Calculate the highest common factor of 36 and 35005860.
36
What is the greatest common factor of 336233688 and 24?
24
What is the greatest common factor of 28040 and 236304296?
5608
What is the greatest common divisor of 36506853 and 1098?
549
Calculate the highest common factor of 25525401 and 33.
33
Calculate the greatest common factor of 7152 and 116279004.
1788
What is the greatest common factor of 20252 and 2622136?
332
Calculate the highest common factor of 1104 and 757236360.
552
Calculate the greatest common factor of 109 and 3020935.
109
Calculate the greatest common factor of 358 and 715472129.
179
Calculate the highest common factor of 216 and 132280.
8
What is the highest common divisor of 244 and 16802?
2
What is the highest common factor of 5394 and 446958?
186
Calculate the greatest common factor of 222489 and 2814423.
1257
Calculate the highest common factor of 126 and 9685809.
63
Calculate the highest common factor of 86553 and 2.
1
What is the greatest common divisor of 714440 and 8?
8
What is the highest common factor of 6604734 and 12?
6
What is the greatest common factor of 23528 and 32732292?
692
Calculate the highest common divisor of 1260 and 9099524.
28
What is the greatest common divisor of 148770 and 101276460?
5130
What is the highest common divisor of 22667 and 10393?
19
Calculate the greatest common factor of 72227078 and 1617.
539
Calculate the greatest common factor of 43038544 and 2544.
848
Calculate the greatest common factor of 15392 and 127504.
208
Calculate the highest common factor of 1954336 and 28786.
778
Calculate the highest common factor of 7995246 and 1134.
42
Calculate the highest common factor of 1192 and 65915812.
596
What is the greatest common divisor of 531 and 19368992?
59
What is the greatest common factor of 1934099869 and 26?
13
Calculate the highest common divisor of 40 and 5446820.
20
Calculate the highest common divisor of 29316499 and 3020.
151
What is the highest common divisor of 88408 and 253659?
257
What is the greatest common factor of 3132 and 1959588?
1044
Calculat